{"id":234,"date":"2015-04-28T15:02:00","date_gmt":"2015-04-28T14:02:00","guid":{"rendered":"http:\/\/granit-design.ch\/wordpress\/?page_id=234"},"modified":"2021-09-15T09:03:57","modified_gmt":"2021-09-15T08:03:57","slug":"references","status":"publish","type":"page","link":"https:\/\/granit-design.ch\/?page_id=234","title":{"rendered":"R\u00e9f\u00e9rences"},"content":{"rendered":"<ul>\n<li>H\u00f4tel Excelsior \u00e0 Montreux &#8211; salles de bain<\/li>\n<li>H\u00f4tel Plaza \u00e0 Montreux &#8211; salles de bain<\/li>\n<li>Bijouterie Horus \u00e0 Montreux &#8211; fa\u00e7ades<\/li>\n<\/ul>\n<ul>\n<li>Ch\u00e2teau de Chillon \u00e0 Veytaux &#8211; r\u00e9novation sol<\/li>\n<\/ul>\n<ul>\n<li>Beau Rivage \u00e0 Lausanne &#8211; salles de bain<\/li>\n<li>Tribunal Cantonal \u00e0 Lausanne &#8211; sols<\/li>\n<li>F\u00e9d\u00e9ration \u00e9questre \u00e0 Lausanne &#8211; cuisines<\/li>\n<li>F\u00e9d\u00e9ration internationale de natation (FINA) \u00e0 Lausanne &#8211; fa\u00e7ades<\/li>\n<li>F\u00e9d\u00e9ration internationale de gymnastique (FIG) \u00e0 Lausanne &#8211; sols<\/li>\n<li>Fondation du Levant \u00e0 Lausanne &#8211; murs + sols<\/li>\n<li>Gare de Lausanne &#8211; sols + restaurant<\/li>\n<li>Vero Moda \u00e0 Lausanne &#8211; r\u00e9paration fa\u00e7ades<\/li>\n<li>Coll\u00e8ge de Villamont \u00e0 Lausanne &#8211; polissage sol<\/li>\n<\/ul>\n<ul>\n<li>Bobst \u00e0 Mex &#8211; escaliers<\/li>\n<\/ul>\n<ul>\n<li>Gymnase de Chamblande \u00e0 Pully &#8211; polissage sol<\/li>\n<\/ul>\n<ul>\n<li>Th\u00e9venaz Leduc \u00e0 Ecublens &#8211; sol ext\u00e9rieur<\/li>\n<\/ul>\n<ul>\n<li>Medtronic \u00e0 Tolochenaz &#8211; fa\u00e7ades<\/li>\n<\/ul>\n<ul>\n<li>Compagnie Bancaire Helv\u00e9tique \u00e0 Gen\u00e8ve &#8211; cuisine<\/li>\n<\/ul>\n<ul>\n<li>Swisscom \u00e0 Payerne &#8211; r\u00e9paration fa\u00e7ades<\/li>\n<\/ul>\n<ul>\n<li>Ch\u00e2teau de Vufflens \u00e0 Vufflens-le-Ch\u00e2teau &#8211; salles de bain<\/li>\n<\/ul>\n<ul>\n<li>B\u00e2timent communal \u00e0 Puidoux &#8211; fa\u00e7ades<\/li>\n<\/ul>\n<ul>\n<li>Raiffeisen \u00e0 Blonay &#8211; sols<\/li>\n<li>Raiffeisen \u00e0 Vevey &#8211; sols<\/li>\n<li>Raiffeisen \u00e0 Corseaux &#8211; sols<\/li>\n<\/ul>\n<ul>\n<li>Eglise \u00e0 Granges &#8211; escaliers<\/li>\n<\/ul>\n<ul>\n<li>Banque cantonale Fribourgeoise \u00e0 Ch\u00e2tel-St-Denis &#8211; fa\u00e7ades<\/li>\n<\/ul>\n<ul>\n<li>Millenium \u00e0 Crissier &#8211; pav\u00e9s ext\u00e9rieurs, sols, terrasse, murs<\/li>\n<\/ul>\n<ul>\n<li>H\u00f4tel de Ville \u00e0 Crissier &#8211; sols WC, tablettes de lavabo, murs<\/li>\n<\/ul>\n<ul>\n<li>H\u00f4tel Valrose \u00e0 Rougemont &#8211; bar, salle de bain, sous-bassement ext\u00e9rieur, sols<\/li>\n<\/ul>\n","protected":false},"excerpt":{"rendered":"<p>H\u00f4tel Excelsior \u00e0 Montreux &#8211; salles de bain H\u00f4tel Plaza \u00e0 Montreux &#8211; salles de bain Bijouterie Horus \u00e0 Montreux &#8211; fa\u00e7ades Ch\u00e2teau de Chillon \u00e0 Veytaux &#8211; r\u00e9novation sol Beau Rivage \u00e0 Lausanne &#8211; salles de bain Tribunal Cantonal &hellip; <a href=\"https:\/\/granit-design.ch\/?page_id=234\">Continuer la lecture <span class=\"meta-nav\">&rarr;<\/span><\/a><\/p>\n","protected":false},"author":2,"featured_media":0,"parent":0,"menu_order":0,"comment_status":"closed","ping_status":"closed","template":"","meta":{"footnotes":""},"class_list":["post-234","page","type-page","status-publish","hentry"],"_links":{"self":[{"href":"https:\/\/granit-design.ch\/index.php?rest_route=\/wp\/v2\/pages\/234","targetHints":{"allow":["GET"]}}],"collection":[{"href":"https:\/\/granit-design.ch\/index.php?rest_route=\/wp\/v2\/pages"}],"about":[{"href":"https:\/\/granit-design.ch\/index.php?rest_route=\/wp\/v2\/types\/page"}],"author":[{"embeddable":true,"href":"https:\/\/granit-design.ch\/index.php?rest_route=\/wp\/v2\/users\/2"}],"replies":[{"embeddable":true,"href":"https:\/\/granit-design.ch\/index.php?rest_route=%2Fwp%2Fv2%2Fcomments&post=234"}],"version-history":[{"count":5,"href":"https:\/\/granit-design.ch\/index.php?rest_route=\/wp\/v2\/pages\/234\/revisions"}],"predecessor-version":[{"id":1022,"href":"https:\/\/granit-design.ch\/index.php?rest_route=\/wp\/v2\/pages\/234\/revisions\/1022"}],"wp:attachment":[{"href":"https:\/\/granit-design.ch\/index.php?rest_route=%2Fwp%2Fv2%2Fmedia&parent=234"}],"curies":[{"name":"wp","href":"https:\/\/api.w.org\/{rel}","templated":true}]}}

Références

<ul>
<li>Hôtel Excelsior à Montreux &#8211; salles de bain</li>
<li>Hôtel Plaza à Montreux &#8211; salles de bain</li>
<li>Bijouterie Horus à Montreux &#8211; façades</li>
</ul>
<ul>
<li>Château de Chillon à Veytaux &#8211; rénovation sol</li>
</ul>
<ul>
<li>Beau Rivage à Lausanne &#8211; salles de bain</li>
<li>Tribunal Cantonal à Lausanne &#8211; sols</li>
<li>Fédération équestre à Lausanne &#8211; cuisines</li>
<li>Fédération internationale de natation (FINA) à Lausanne &#8211; façades</li>
<li>Fédération internationale de gymnastique (FIG) à Lausanne &#8211; sols</li>
<li>Fondation du Levant à Lausanne &#8211; murs + sols</li>
<li>Gare de Lausanne &#8211; sols + restaurant</li>
<li>Vero Moda à Lausanne &#8211; réparation façades</li>
<li>Collège de Villamont à Lausanne &#8211; polissage sol</li>
</ul>
<ul>
<li>Bobst à Mex &#8211; escaliers</li>
</ul>
<ul>
<li>Gymnase de Chamblande à Pully &#8211; polissage sol</li>
</ul>
<ul>
<li>Thévenaz Leduc à Ecublens &#8211; sol extérieur</li>
</ul>
<ul>
<li>Medtronic à Tolochenaz &#8211; façades</li>
</ul>
<ul>
<li>Compagnie Bancaire Helvétique à Genève &#8211; cuisine</li>
</ul>
<ul>
<li>Swisscom à Payerne &#8211; réparation façades</li>
</ul>
<ul>
<li>Château de Vufflens à Vufflens-le-Château &#8211; salles de bain</li>
</ul>
<ul>
<li>Bâtiment communal à Puidoux &#8211; façades</li>
</ul>
<ul>
<li>Raiffeisen à Blonay &#8211; sols</li>
<li>Raiffeisen à Vevey &#8211; sols</li>
<li>Raiffeisen à Corseaux &#8211; sols</li>
</ul>
<ul>
<li>Eglise à Granges &#8211; escaliers</li>
</ul>
<ul>
<li>Banque cantonale Fribourgeoise à Châtel-St-Denis &#8211; façades</li>
</ul>
<ul>
<li>Millenium à Crissier &#8211; pavés extérieurs, sols, terrasse, murs</li>
</ul>
<ul>
<li>Hôtel de Ville à Crissier &#8211; sols WC, tablettes de lavabo, murs</li>
</ul>
<ul>
<li>Hôtel Valrose à Rougemont &#8211; bar, salle de bain, sous-bassement extérieur, sols</li>
</ul>

<p>Hôtel Excelsior à Montreux &#8211; salles de bain Hôtel Plaza à Montreux &#8211; salles de bain Bijouterie Horus à Montreux &#8211; façades Château de Chillon à Veytaux &#8211; rénovation sol Beau Rivage à Lausanne &#8211; salles de bain Tribunal Cantonal &hellip; <a href="https://granit-design.ch/?page_id=234">Continuer la lecture <span class="meta-nav">&rarr;</span></a></p>
